238 is divided by 60?
58
What is the remainder when 1602 is divided by 26?
16
What is the remainder when 58 is divided by 39?
19
Calculate the remainder when 109 is divided by 28.
25
Calculate the remainder when 138 is divided by 133.
5
What is the remainder when 615 is divided by 31?
26
What is the remainder when 1884 is divided by 99?
3
Calculate the remainder when 12206 is divided by 110.
106
What is the remainder when 27593 is divided by 16?
9
Calculate the remainder when 260 is divided by 12.
8
Calculate the remainder when 277 is divided by 93.
91
What is the remainder when 566 is divided by 34?
22
What is the remainder when 172 is divided by 29?
27
What is the remainder when 197 is divided by 5?
2
Calculate the remainder when 119 is divided by 61.
58
What is the remainder when 5244 is divided by 61?
59
Calculate the remainder when 128 is divided by 26.
24
What is the remainder when 384 is divided by 146?
92
What is the remainder when 94 is divided by 24?
22
What is the remainder when 264 is divided by 67?
63
Calculate the remainder when 4949 is divided by 331.
315
What is the remainder when 264 is divided by 9?
3
What is the remainder when 267 is divided by 27?
24
What is the remainder when 213 is divided by 45?
33
What is the remainder when 627 is divided by 290?
47
What is the remainder when 580 is divided by 118?
108
What is the remainder when 164 is divided by 83?
81
Calculate the remainder when 9245 is divided by 14.
5
What is the remainder when 250 is divided by 50?
0
Calculate the remainder when 24888 is divided by 38.
36
What is the remainder when 909 is divided by 16?
13
What is the remainder when 353 is divided by 2?
1
What is the remainder when 227 is divided by 81?
65
Calculate the remainder when 460 is divided by 163.
134
What is the remainder when 401 is divided by 156?
89
What is the remainder when 205 is divided by 195?
10
Calculate the remainder when 229 is divided by 23.
22
What is the remainder when 317 is divided by 63?
2
What is the remainder when 56 is divided by 7?
0
What is the remainder when 425 is divided by 63?
47
Calculate the remainder when 604 is divided by 42.
16
What is the remainder when 306 is divided by 108?
90
Calculate the remainder when 358 is divided by 116.
10
What is the remainder when 1488 is divided by 84?
60
Calculate the remainder when 141 is divided by 21.
15
Calculate the remainder when 27 is divided by 16.
11
Calculate the remainder when 409 is divided by 10.
9
What is the remainder when 591 is divided by 18?
15
What is the remainder when 326 is divided by 15?
11
Calculate the remainder when 302 is divided by 77.
71
Calculate the remainder when 3975 is divided by 13.
10
Calculate the remainder when 80 is divided by 27.
26
What is the remainder when 6879 is divided by 80?
79
What is the remainder when 5703 is divided by 124?
123
Calculate the remainder when 219 is divided by 60.
39
Calculate the remainder when 1901 is divided by 147.
137
What is the remainder when 1690 is divided by 420?
10
Calculate the remainder when 20 is divided by 3.
2
Calculate the remainder when 50 is divided by 22.
6
Calculate the remainder when 350 is divided by 89.
83
What is the remainder when 2278 is divided by 43?
42
What is the remainder when 162 is divided by 91?
71
What is the remainder when 2147 is divided by 179?
178
Calculate the remainder when 53 is divided by 31.
22
What is the remainder when 16354 is divided by 8177?
0
Calculate the remainder when 44 is divided by 19.
6
Calculate the remainder when 73 is divided by 1.
0
What is the remainder when 76 is divided by 41?
35
Calculate the remainder when 1470 is divided by 304.
254
Calculate the remainder when 2737 is divided by 467.
402
Calculate the remainder when 209 is divided by 47.
21
What is the remainder when 585 is divided by 42?
39
What is the remainder when 254 is divided by 83?
5
Calculate the remainder when 797 is divided by 50.
47
Calculate the remainder when 479 is divided by 24.
23
What is the remainder when 29 is divided by 9?
2
What is the remainder when 529 is divided by 7?
4
Calculate the remainder when 1597 is divided by 100.
97
What is the remainder when 1148 is divided by 72?
68
What is the remainder when 7625 is divided by 144?
137
What is the remainder when 816 is divided by 391?
34
Calculate the remainder when 1327 is divided by 111.
106
What is the remainder when 5758 is divided by 10?
8
Calculate the remainder when 2589 is divided by 35.
34
Calculate the remainder when 24 is divided by 24.
0
Calculate the remainder when 713 is divided by 7.
6
Calculate the remainder when 1715 is divided by 793.
129
Calculate the remainder when 165 is divided by 27.
3
Calculate the remainder when 106 is divided by 9.
7
What is the remainder when 307 is divided by 196?
111
What is the remainder when 72 is divided by 26?
20
Calculate the remainder when 688 is divided by 13.
12
Calculate the remainder when 693 is divided by 173.
1
Calculate the remainder when 116 is divided by 80.
36
What is the remainder when 849 is divided by 25?
24
Calculate the remainder when 1440 is divided by 203.
19
Calculate the remainder when 629 is divided by 21.
20
What is the remainder when 102 is divided by 6?
0
Calculate the remainder when 39 is divided by 8.
7
Calculate the remainder when 324 is divided by 20.
4
Calculate the remainder when 1145 is divided by 117.
92
Calculate the remainder when 558 is divided by 94.
88
Calculate the remainder when 90 is divided by 25.
15
What is the remainder when 940 is divided by 488?
452
What is the remainder when 512 is divided by 3?
2
What is the remainder when 3549 is divided by 209?
205
What is the remainder when 926 is divided by 5?
1
What is the remainder when 38 is divided by 12?
2
Calculate the remainder when 189 is divided by 21.
0
Calculate the remainder when 139 is divided by 5.
4
Calculate the remainder when 395 is divided by 97.
7
Calculate the remainder when 4419 is divided by 34.
33
What is the remainder when 500 is divided by 467?
33
Calculate the remainder when 2520 is divided by 168.
0
Calculate the remainder when 332 is divided by 184.
148
Calculate the remainder when 14168 is divided by 13.
11
What is the remainder when 81 is divided by 16?
1
Calculate the remainder when 402 is divided by 70.
52
What is the remainder when 123 is divided by 54?
15
Calculate the remainder when 530 is divided by 41.
38
What is the remainder when 33 is divided by 3?
0
Calculate the remainder when 1518 is divided by 169.
166
What is the remainder when 225 is divided by 24?
9
What is the remainder when 159 is divided by 24?
15
Calculate the remainder when 151 is divided by 17.
15
What is the remainder when 4034 is divided by 404?
398
What is the remainder when 359 is divided by 33?
29
What is the remainder when 5961 is divided by 2978?
5
What is the remainder when 337 is divided by 57?
52
What is the remainder when 236 is divided by 2?
0
What is the remainder when 53 is divided by 9?
8
What is the remainder when 138 is divided by 42?
12
What is the remainder when 123 is divided by 16?
11
What is the remainder when 198 is divided by 52?
42
What is the remainder when 89 is divided by 40?
9
What is the remainder when 201 is divided by 23?
17
Calculate the remainder when 12081 is divided by 76.
73
What is the remainder when 305 is divided by 116?
73
Calculate the remainder when 628 is divided by 81.
61
What is the remainder when 2939 is divided by 70?
69
Calculate the remainder when 391 is divided by 112.
55
Calculate the remainder when 48 is divided by 29.
19
Calculate the remainder when 1419 is divided by 21.
12
What is the remainder when 530 is divided by 205?
120
What is the remainder when 1632 is divided by 23?
22
What is the remainder when 2713 is divided by 30?
13
What is the remainder when 2223 is divided by 14?
11
What is the remainder when 119 is divided by 31?
26
Calculate the remainder when 955 is divided by 232.
27
Calculate the remainder when 75 is divided by 8.
3
What is the remainder when 9943 is divided by 88?
87
What is the remainder when 330 is divided by 27?
6
What is the remainder when 1527 is divided by 30?
27
What is the remainder when 324 is divided by 153?
18
Calculate the remainder when 24945 is divided by 108